t m(k) = -2*k - 1. Suppose 0 = 4*j + 3*q + 6, 4*j - q = 9*j + 2. What is m(j)?
-1
Let h = 58 - 51. Let i(x) = 4*x**2 - 5*x - 1. Let o(b) = 11*b**2 - 16*b - 2. Let a(s) = -8*i(s) + 3*o(s). Determine a(h).
-5
Let d(j) be the first derivative of -j**4/4 + 7*j**3/3 + 3*j**2/2 - 8*j + 147. Calculate d(7).
13
Let a(b) = 2*b**2 - b - 1. Let q be a(-1). Suppose -111*i + 115*i - 24 = 0. Let r(g) = 2*g - i - g - q. What is r(6)?
-2
Let b = -517 - -521. Let q(k) = -k**3 + 2*k**2 + 8*k - 3. Determine q(b).
-3
Let r = 6 + -2. Let m = -2 + r. Let d(b) = -4*b**3 + 2*b - 5. Let k(f) = -f**3 - f**2 + f - 1. Let h(j) = d(j) - 3*k(j). Calculate h(m).
0
Suppose 11*i = -7*i + 6*i. Let o(c) = -7*c - 9. Suppose -38 = 5*j + 17. Let m(x) = 13*x + 17. Let t(f) = j*o(f) - 6*m(f). Calculate t(i).
-3
Let l = 14 - 14. Suppose 4*t + 3 + 25 = l. Let z(c) = -c**2 - 4*c + 9. Determine z(t).
-12
Let p(q) = -10*q**2 - 69*q**3 + 24*q**3 + 20*q**3 + 24*q**3 - 5. What is p(-10)?
-5
Let w(k) = k**3 - 4*k**2 - 2*k + 6. Suppose 4*l = -4*q - 4, -l = -3*q - 3*l. Suppose h = -q*h. Suppose 2*n - c - 3*c = 24, h = -3*c - 12. What is w(n)?
-2
Let j(s) = s**2 - s + 5. Let x(q) = 9*q**2 + 15*q + 13. Let v(k) = -5*k**2 - 8*k - 7. Let a(g) = -7*v(g) - 4*x(g). Let t = -8 + 5. Let o be a(t). What is j(o)?
5
Let o(k) = 34 + 15 + 2*k**2 + 32 - 8*k - 68 - k**2. Calculate o(10).
33
Let u(k) = -k + 3. Let r = 35 + -26. Give u(r).
-6
Suppose 3 = -3*y + 12. Let z(d) = 5*d**2 + y*d - 26 + d**3 - 2*d + 26. Let w be z(-5). Let t(f) = f**2 + 5*f + 5. Calculate t(w).
5
Let c(z) = -972453 + 972453 - 2*z**2 + 9*z. What is c(6)?
-18
Let i be 18/54 + 12/(-9). Let t(o) = -11*o - 1. Calculate t(i).
10
Let m(y) = -y + 4. Let x = 15 + 17. Suppose 31*a = x*a + 6. Calculate m(a).
10
Let h(l) = l**3 + 16*l**2 - 5*l - 11. Let g(d) = -d**3 - 13*d**2 + 6*d + 10. Let c(p) = -3*g(p) - 2*h(p). Give c(-8).
-8
Let m(x) = -x + 10. Suppose 13 + 11 = 3*u. Let q be m(u). Let o(n) = -8*n**3 + 2*n + n**q + 12*n**3 - 3*n. What is o(1)?
4
Let g(t) = 2984 - 2981 - t**2 + 4*t + 0*t. What is g(5)?
-2
Let x be (-10)/4*6/(-5). Let s(n) = -41*n + 1 - 6*n**2 + n**2 - 40*n + 83*n + n**3. Determine s(x).
-11
Let g(a) = a**3 - 8*a**2 - 9*a + 2. Let k = 8 - -1. Let d be g(k). Let h(q) = 6 - 10 + 3*q**2 + d*q + q**3 + 5. What is h(-1)?
1
Let m(g) = -11*g - 4. Let n(a) = 2*a + 2. Let r(o) = -m(o) - 6*n(o). What is r(-10)?
2
Let r(d) = -d**3 - 6*d**2 - 4*d - 2. Suppose -5*c + 66 = 46. Suppose -3 = j + c*v + 18, 2*j - 5*v - 10 = 0. Give r(j).
-7
Let d(f) = -f**3 + 4*f**2 - 2*f - 3. Let w be d(3). Suppose 6*s - 25 + 1 = w. Let h(r) = r**2 - 6*r + 2. What is h(s)?
-6
Suppose 6*z - 2 = 8*z. Let u(d) = 11*d. What is u(z)?
-11
Suppose 0 = -4*l + 5*f + 40, -4*l - 2*f + 32 = -5*f. Let i(r) = 5*r**2 - 6*r + 6. Let v(g) = -4*g**2 + 5*g - 5. Let h(n) = l*i(n) + 6*v(n). Determine h(2).
4
Suppose 3*v - 23*g + 18*g = -18, 6 = -3*v + g. Let t(b) = 30*b**3 - b**2 - 3*b - 1. What is t(v)?
-29
Let l(s) be the first derivative of s**4/2 + 2*s**3/3 + s**2/2 + 116. What is l(-1)?
-1
Suppose 2*s = -3*s - 3*a + 630, a + 504 = 4*s. Suppose -s = 4*i + 5*p, -2*i + i + 5*p = 44. Let q = 31 + i. Let r(d) = -d**3 - 2*d**2 + d + 2. Give r(q).
8
Let o = -587 - -590. Let w(l) = -l**2 + 4*l - 1. Determine w(o).
2
Let j(u) be the first derivative of 0*u - 7/24*u**4 - 2/3*u**3 - 1/60*u**5 - 5/2*u**2 - 6. Let h(w) be the second derivative of j(w). Calculate h(-6).
2
Let m be (-1 - (-24)/20)*25. Suppose 0 = -4*g + 4*q - 20, 2*q - 4 = m*g + 6. Let c(y) = -y**3 + y**2 + y + 5. Calculate c(g).
5
Let m(w) be the first derivative of w**2/2 - 14*w + 1. Let r = -139 + 64. Let i = -67 - r. Calculate m(i).
-6
Let s(w) = -60 - 11*w + 23*w - 3*w**2 + w + 5*w + 2*w**2. Calculate s(14).
-4
Let s(m) = 0*m**3 + 22326 - 2*m**3 - 2*m**2 - 22324 + 2*m. Suppose -d + 1 = -7. Suppose -6*z - d = -2*z. Give s(z).
6
Let t(m) = m**2 - 13*m + 15. Let l(h) = -9*h - 519. Let v be l(-59). Calculate t(v).
3
Suppose 0 + 30 = 15*o. Suppose 2*h = o*n + h + 1, -2*n - 4*h = -14. Let q(l) = 8*l. Determine q(n).
8
Let r(i) = 3*i**2 + 22*i + 20. Let k be (-18 - -4)*9/21. Calculate r(k).
-4
Let f(n) = n**2 + n + 2. Suppose 0 = -2*p - 0 - 4. Give f(p).
4
Let r(s) be the third derivative of 1/6*s**4 - 11*s**2 + s**3 + 0*s + 0 - 1/60*s**5. Suppose -3*t = -9 - 9. What is r(t)?
-6
Let p(n) be the first derivative of -2 + 1/8*n**4 + 0*n + 0*n**2 - 1/120*n**5 + 2*n**3. Let l(m) be the third derivative of p(m). Calculate l(5).
-2
Let x(h) = h**2 + h**2 - 46 + 47 + h**2. What is x(-1)?
4
Let w(p) = p**3 + 4*p**2 + 1. Let s(r) = 5*r - 54. Let a be s(11). Suppose -d = i + 2 - a, 0 = -2*i - d - 4. Give w(i).
10
Let l(f) = -f**2 - 2*f - 1. Let q = -12 - -12. Let c = -2 - q. Let g be l(c). Let u(r) = -12*r**2. What is u(g)?
-12
Let p = -9 + 11. Let d(j) = -4 + 2 + 0*j**p - 4*j**2 + 4*j + 5 - j**3. Let l be -5 + 5 - (6 - 1). Give d(l).
8
Suppose 4*p + 7 = -5*l, 2*l + 8 = p - 0*p. Suppose p*d + 4*u = -2, -2*d - 2*d - 2*u = -8. Let t(s) = s**3 - 2*s**2 - 4*s + 2. Give t(d).
-1
Let d(c) = c**3 - 8*c**2 - 9*c + 6. Let f = -509 - -518. Give d(f).
6
Let p(q) = -q**2 + 4*q. Suppose 44 = 5*f - 6. Let v = f - 11. Let w = v + 6. Determine p(w).
-5
Suppose 8 = v - 0*q + 2*q, 2*v - 6 = q. Let c(j) = -v - 6 - j + 0. What is c(0)?
-10
Let d(l) = l. Let v(y) = y**2 - 3*y + 7. Let k(g) = -5*d(g) + v(g). Suppose -2*n = -0*n - 12. What is k(n)?
-5
Suppose 3*y - 45 = 5*h, -h + 5*y + 16 = 47. Let w be ((-2)/h)/((-2)/12). Let u(f) = -4*f - 1 + 2 + 5*f. Give u(w).
-1
Let c(p) = -p**3 - 7*p**2 + 20*p + 14. Let g be c(-9). Let u(f) = 5*f + 1. Let j(k) = -4*k - 2. Let v(b) = 4*j(b) + 3*u(b). Determine v(g).
-1
Let k(a) = -2*a**2 - 4*a - 1. Suppose -5*v + 4*v = -5. Suppose -i = -y - y + 6, 0 = 5*i - v*y + 25. Calculate k(i).
-17
Let x = 39 + -37. Let c(n) = -4*n**2 + 10*n**3 - n**2 + x*n + 4 - 9*n**3. Give c(4).
-4
Let n(p) be the first derivative of p**4/12 - 2*p**3/3 - 7*p**2/2 + 19*p - 1. Let v(q) be the first derivative of n(q). Determine v(6).
5
Let p(d) = -5*d - 1. Let w(q) = -q**3 + 18*q**2 - 16*q - 12. Let m be w(17). Let x(a) = 11*a + 1. Let b(s) = m*p(s) + 2*x(s). What is b(3)?
-12
Let w(p) = -p - 2. Let s be 2/4*(8 - 8). Let i = 7 + s. Suppose -i = -2*d - 1. Calculate w(d).
-5
Let t(n) be the third derivative of 7/12*n**4 - 3 + 11/6*n**3 - 1/5*n**5 - 1/120*n**6 + 0*n + 2*n**2. Give t(-13).
-2
Let b(l) = 2*l - 3 + 1 + 7 - l. Let w be (-18)/(-8) + -2 + 42/24. Let c be w + 17/(-2) + 12/8. What is b(c)?
0
Suppose r = 2*r - 4. Suppose 3*o + 26 = d, r*o + 51 = 2*d + 13. Let f(y) = y**2 + 9*y + 2. Give f(o).
-12
Let t(u) = -5*u**2 + 5*u + 3. Let k be -2 + 7 + (-20)/5. Let n(s) = s**2 - 1. Let j(g) = k*t(g) + 6*n(g). Give j(-5).
-3
Let p(f) = f**2 - 4*f. Let h(w) = w**3 - 3*w**2 - 21*w + 60. Let c be h(5). Give p(c).
5
Let m(z) = z - 13. Let c(y) be the first derivative of y**4/12 - 3*y**3/2 - 3*y**2 - 6. Let f(p) be the second derivative of c(p). Let x be f(8). What is m(x)?
-6
Let c(v) = -v**2 - 3*v + 1. Let d(h) = -31*h + 59. Let z be d(2). Give c(z).
1
Let b be (-2)/(-4) - (8/(-16) - -5). Let y(m) = 2*m - 6 + 0*m - 2*m - 3*m. What is y(b)?
6
Let a(h) = h**3 + 2*h**2 - h + 2. Suppose -4*i = -6*i + 90. Suppose -2*r - r + i = 0. Suppose l = 6*l + r. What is a(l)?
-4
Let n(y) = -y**2 + y + 1. Let p be n(1). Let j(a) = -a**3 - 2*a**2 + 1. Determine j(p).
-2
Let f(q) = 4*q + 4. Let k be (3 - 2)/((-5)/25). What is f(k)?
-16
Let l(h) = 7*h - 2. Let m be l(3). Suppose 5 = -4*j - m. Let t(b) be the second derivative of b**3/6 + 6*b**2 + 1067*b. Determine t(j).
6
Let c(s) be the third derivative of -s**4/24 - 5*s**3/3 - 172*s**2. Calculate c(-7).
-3
Let u(t) = 4*t - 2. Suppose 5*w + 27 = 7. What is u(w)?
-18
Let b(l) = -25*l**3 + 16*l**3 + 7 + 8*l**2 + 10*l**3 - 8*l. Suppose p = -2*p - 27. Determine b(p).
-2
Let j be 4*(4/8)/1. Let c(m) = -m**3 + 2 + 28*m**2 + m - 24*m**2 + j*m**3. Determine c(-4).
-2
Let s(d) = 36*d**2 - 8 + 38*d**2 - 112*d**2 + 39*d**2 - d. Let j = 9 - 9. Determine s(j).
-8
Let u(o) = -o + 2. Let i(x) = x - 2. Let s(k) = 2*i(k) + 3*u(k). Suppose -3*h + 0*w - w = -10, 0 = -3*h + 5*w - 14. Suppose -h*d - 7 = -3. Determine s(d).
4
Suppose 5 = 5*k, 9*n + 3*k = 4*n + 8. Let a(q) = 6*q**3 - 2*q + 1. Determine a(n).
5
Let c(m) = -18*m - 19. Let f(v) 